ime factors of v.
3
Let m(r) = 30*r**2 + 2*r - 3. Let d = 176 + -180. List the prime factors of m(d).
7, 67
Let i be 9952/(-24)*6/8. Let c(s) = 2*s**3 + 2*s**2 + 2*s + 7. Let g be c(-5). Let f = g - i. List the prime factors of f.
2, 3
Let p = -316 - -855. Let x = p + -183. What are the prime factors of x?
2, 89
Let c be ((168/5)/(-14))/(2/(-645)). Let b = 455 + -195. Suppose -i - 3*p + b - 18 = 0, 3*p + c = 3*i. What are the prime factors of i?
2, 127
Let p be (-105)/(-75) - (-53)/5. Suppose -p*d + 9303 = 9*d. What are the prime factors of d?
443
List the prime factors of (33/(-33))/((-2)/(-20))*(-109674)/135.
2, 3, 677
Let b = 25297 - -30299. List the prime factors of b.
2, 3, 41, 113
Suppose 4*r + 3*t = 216, 5*r + 3*t = 7*r - 126. List the prime factors of (-30*2)/(r/(-646)).
2, 5, 17
Suppose 2*s = -c - 1232, -3*s - 6195 = 24*c - 19*c. Let l = -27 - c. List the prime factors of l.
3, 5
What are the prime factors of -65*(5 - 13984/40)?
13, 1723
Let t(w) be the third derivative of -8*w**4/3 - 23*w**3/3 + 63*w**2 + 2. What are the prime factors of t(-7)?
2, 3, 67
Let y = 12159 - 6993. What are the prime factors of y?
2, 3, 7, 41
List the prime factors of (-29)/4*(-42 + -54).
2, 3, 29
Suppose 3*y = 2*d + 9145, 5*y - 9751 = -5*d + 5499. List the prime factors of y.
3049
Let k = -1271 + 1805. Suppose -3*w = -5*g - 479 - 49, -3*g = -3*w + k. What are the prime factors of w?
181
Suppose -4 = 2*x - 14. Let v be 1*(-16)/(-10)*x. Let w(p) = 2*p**2 - 12*p + 24. List the prime factors of w(v).
2, 7
Let t = 23222 - 14990. List the prime factors of t.
2, 3, 7
List the prime factors of 3 - (9 - 6249 - 1).
2, 7, 223
Suppose 0 = 3*r + 3*f - 27, 4*f = -2*r + 20 + 6. What are the prime factors of (-1)/((-328)/(-66) - r)?
3, 11
Suppose -15 = -3*o + r - 8, 2*o - 3*r + 7 = 0. Suppose -4*c + 2*u + 50 = 0, 4*c - o*u = u + 41. What are the prime factors of c?
2, 7
Suppose 3*b + 55 = 2*c, 3*c + 3*b = 8*b + 82. Let z = -26 + c. Suppose -129 + 23 = -4*s - z*m, -78 = -3*s - 3*m. List the prime factors of s.
2, 7
Let y(n) = -3475*n - 2633. List the prime factors of y(-7).
2, 11, 17, 29
Let r(b) = -146*b + 942. What are the prime factors of r(-8)?
2, 5, 211
Let d(u) = 16*u**3 - 9*u**2 + 7*u + 1. What are the prime factors of d(7)?
3, 1699
Suppose -2*u + 17*u = 5190. Suppose 2*z - 6*a + a - u = 0, -5*a - 183 = -z. Let y = 9 + z. What are the prime factors of y?
2, 43
Let v(r) be the third derivative of -9*r**4/8 + 17*r**3/6 - 2*r**2 - 18*r. What are the prime factors of v(-8)?
233
Let w(u) = 118*u**2 + 696*u - 16. What are the prime factors of w(11)?
2, 3, 13, 281
Let x = 312 + -312. Suppose -95 - 13 = -2*j + d, 2*j + 4*d - 88 = x. What are the prime factors of j?
2, 13
Let h(y) be the third derivative of -1/6*y**3 + 0*y + 5/24*y**4 - 17*y**2 + 1/12*y**5 - 1/120*y**6 + 0. What are the prime factors of h(4)?
5, 7
Suppose 0 = -3*g + 4*n, -19*n = -2*g - 15*n. Suppose -10*v - 2*q + 2122 = -8*v, g = -2*v + q + 2113. What are the prime factors of v?
2, 23
Let o be -1*(-267)/(-3)*-9 - 1. Suppose -5*t + 5*k = -o, 317 = -t + 3*t + k. List the prime factors of t.
3, 53
Suppose 12728 = 3*v - 5*d, -4217 = -v - 150*d + 148*d. What are the prime factors of v?
4231
Let r be (12/8)/(1/(-50)). Suppose 32*k - 585 = 37*k. Let a = r - k. List the prime factors of a.
2, 3, 7
Let b be 28/5 + 3/(-5). Suppose 2*z - 156 = -b*n + 265, -2*z - n + 401 = 0. Let y = z - 137. What are the prime factors of y?
61
Let u = -1392 - -3020. Let j = u + -1081. What are the prime factors of j?
547
Suppose 2*k + 6 = 0, -1 = 3*g + g - k. List the prime factors of (g - 6/(-4))*(1368 + -14).
677
Suppose 387*m - 383*m - 195874 = -o, 2*m - 5*o - 97926 = 0. What are the prime factors of m?
2, 6121
Let c(p) = 15*p**2 + 117*p + 37. Let l be c(-21). Suppose -474 = m + 4*t - 1518, -3*t = -4*m + l. List the prime factors of m.
2, 131
Let o(h) be the first derivative of -h**5/40 - 5*h**4/24 - 17*h**3/3 + 11. Let w(z) be the third derivative of o(z). What are the prime factors of w(-18)?
7
Let z = -9 + 9. Let o(d) = 3*d**2 + 2 + 1 - 2*d**2 + 10 + d**3. What are the prime factors of o(z)?
13
Let r = -2903 - -2909. Let u = 11 - 15. What are the prime factors of (u/r)/(-4*(-6)/(-4500))?
5
Suppose 5*s = -5*x + 45, 2*x + x + 4*s = 30. Suppose 3*y = 2*g - 27, -4*y - x = -5*g + 72. What are the prime factors of g?
2, 3
Suppose -32*y + 21*y = -1925. Suppose -28*p - y = -33*p. What are the prime factors of p?
5, 7
Suppose 3*l - 4*s - 4 = 0, 3*s - 3 = 4*l - 13. Suppose l*y + 3*v = 622, 13*y - 12*y - 3*v = 148. List the prime factors of y.
2, 7, 11
Let x = -619 - -1131. Let t = 99 + x. What are the prime factors of t?
13, 47
Let z(k) = k**3 + 16*k**2 + k + 36. What are the prime factors of z(-11)?
2, 3, 5, 7
Suppose 5*q = -3*f + 2015, 4*q - 1580 = -2*f + 6*f. Suppose 54*y = 58*y + q. Let g = 120 + y. List the prime factors of g.
2, 5
Suppose p + 1417 = -2*p - 2*i, 2*i = -4*p - 1892. Let l = p + 561. What are the prime factors of l?
2, 43
Let p = 23 - 37. Let j be (2/(-3))/(p/(-21))*0. Let y(d) = d**2 + d + 164. What are the prime factors of y(j)?
2, 41
Suppose 48*o - 834 = 222. Suppose o*f - 14564 = 7590. What are the prime factors of f?
19, 53
Let y(k) = -k**2 + 13*k + 1. Let s(d) = -d**2 - 16*d - 16. Let i = 25 + -39. Let v be s(i). List the prime factors of y(v).
13
Let l = -1 + 6. Let n(j) = 6*j**2 - 18*j - 28. Let m(u) = -3*u**2 + 9*u + 14. Let p(g) = l*m(g) + 3*n(g). What are the prime factors of p(-6)?
2, 37
List the prime factors of (-1)/(4 - 5) - (53593/(-1) + -2).
2, 13399
Let i be (-6)/(-72)*7197 + 3/12. Suppose -270 = -x - 5*b, -2*x = b - 6*b - i. List the prime factors of x.
2, 5, 29
Let r(o) be the second derivative of -7*o**3 - 59*o**2 - 2*o - 9. What are the prime factors of r(-13)?
2, 107
Let g(c) = 466*c + 7975. What are the prime factors of g(82)?
46187
Let g(f) = 113*f**2 - 702*f + 69. What are the prime factors of g(-9)?
2, 3, 5, 7, 37
Let o(u) = -2*u**3 - 11*u**2 - 7*u + 20. Let m = -37 - -27. Let n be o(m). Suppose 0 = -10*y + y + n. List the prime factors of y.
2, 5, 11
Let k = 720 - -1130. Suppose 4*f = 2*p + 1498, -5*f + 0*p - 5*p = -k. What are the prime factors of f?
373
Let l be -2 + (7 - 1) - 1/(-1). Suppose -30 + 120 = l*y. Suppose -2*o + 5*q + 361 = y, -3*o = -4*q - 497. List the prime factors of o.
3, 53
Suppose -62*g + 481999 = 162451. What are the prime factors of g?
2, 3, 859
Suppose 0 = -3*i - 15 + 27. Suppose -5*c - 4*k + 23 = 0, 5*c - 8 + 1 = i*k. Suppose 6*m - c*m - 197 = -2*j, -m + 67 = j. What are the prime factors of m?
3, 7
Let d(y) = -y**3 - 91*y**2 + 238*y + 83. List the prime factors of d(-95).
7, 277
Let w(m) be the second derivative of m**4/12 + m**3/2 + 17*m**2 - 397*m - 4. Let v be (-9)/12*(-1 - -17). What are the prime factors of w(v)?
2, 71
Let p(f) = 6*f**2 - 45*f - 43. Let z be p(-26). Suppose -y + z = 6*c - 2*c, 5*y + 3916 = 3*c. What are the prime factors of c?
1297
Let g(r) = r**3 - 81*r**2 - 86*r - 1822. List the prime factors of g(83).
2, 3, 11, 73
Let o = 20717 + -10565. List the prime factors of o.
2, 3, 47
Let o(m) = m. Let a(t) = 2*t - 12. Let r(p) = -a(p) + 5*o(p). Let i be r(16). Let u = -26 + i. What are the prime factors of u?
2, 17
Let i = -46 - -50. Suppose r - 3*r - z = -3741, i*r - z = 7473. What are the prime factors of 2/16 + (r/24 - 2)?
2, 19
Let m(g) = -g**3 - 13*g**2 - 2*g - 29. Let x(a) = a**2 - 16*a + 33. Let c be x(12). List the prime factors of m(c).
11, 41
Suppose -26 = -2*f - 20. Suppose -2*i = -3*g - 727, -4*i + f*g = -6*i + 733. Suppose 4*b = -4*o - 37 + i, 0 = 2*b + 10. List the prime factors of o.
3, 29
Suppose -v = 3*c + 2409, 2*v - 5*c + 6029 = 1222. What are the prime factors of 7 + v/(-1 - 1)?
2, 5, 11
Let w(k) = 134*k**3 + 2*k**2 - 2*k + 1. Let g be (-10)/(-14) - (6 + 132/(-21)). List the prime factors of w(g).
3, 5
Let m(h) = 263 + 61*h - 532 + 266. What are the prime factors of m(5)?
2, 151
Let p(z) = 11*z + 2. Let d be p(-2). Let b be 32/(-4) + 6 + 6. List the prime factors of b/d*0 + 46.
2, 23
Let i be 275/99 + 4/18 - 53. Let r(y) = 16*y + 1. Let d be r(5). Let l = d + i. What are the prime factors of l?
31
Let v(z) = z**3 - 10*z**2 + 3*z. Suppose -4*q + 59 = 15. Let s be v(q). Let g = s + -107. List the prime factors of g.
47
Suppose 78